{"id":737,"date":"2023-03-01T15:24:43","date_gmt":"2023-03-01T15:24:43","guid":{"rendered":"https:\/\/gromeautomobiler.dk\/?post_type=product&#038;p=737"},"modified":"2023-03-07T08:09:46","modified_gmt":"2023-03-07T08:09:46","slug":"vinterhjul-paa-alufaelg-til-hyundai-ioniq","status":"publish","type":"product","link":"https:\/\/gromeautomobiler.dk\/?product=vinterhjul-paa-alufaelg-til-hyundai-ioniq","title":{"rendered":"Vinterhjul p\u00e5 Aluf\u00e6lg til Hyundai Ioniq"},"content":{"rendered":"<p>Komplette vinterhjul til Hyundai Ioniq &#8211; Afmonteret f\u00e6lge.<\/p>\n<p>Komplette s\u00e6k &#8211; BEM\u00c6RK:\u00a0 Sendes IKKE &#8211; skal afhentes<\/p>\n","protected":false},"excerpt":{"rendered":"<p>Komplette vinterhjul til Hyundai Ioniq &#8211; Afmonteret f\u00e6lge. Komplette s\u00e6k &#8211; BEM\u00c6RK:\u00a0 Sendes IKKE &#8211; skal afhentes<\/p>\n","protected":false},"featured_media":738,"comment_status":"closed","ping_status":"closed","template":"","meta":[],"product_brand":[],"product_cat":[82],"product_tag":[84],"class_list":{"0":"post-737","1":"product","2":"type-product","3":"status-publish","4":"has-post-thumbnail","6":"product_cat-vinterhjul","7":"product_tag-hyundai-ioniq-vinter-vinterhjul-vinterdaek","8":"product_shipping_class-over-20-kg","10":"first","11":"instock","12":"sale","13":"taxable","14":"shipping-taxable","15":"purchasable","16":"product-type-simple"},"jetpack_sharing_enabled":true,"_links":{"self":[{"href":"https:\/\/gromeautomobiler.dk\/index.php?rest_route=\/wp\/v2\/product\/737","targetHints":{"allow":["GET"]}}],"collection":[{"href":"https:\/\/gromeautomobiler.dk\/index.php?rest_route=\/wp\/v2\/product"}],"about":[{"href":"https:\/\/gromeautomobiler.dk\/index.php?rest_route=\/wp\/v2\/types\/product"}],"replies":[{"embeddable":true,"href":"https:\/\/gromeautomobiler.dk\/index.php?rest_route=%2Fwp%2Fv2%2Fcomments&post=737"}],"wp:featuredmedia":[{"embeddable":true,"href":"https:\/\/gromeautomobiler.dk\/index.php?rest_route=\/wp\/v2\/media\/738"}],"wp:attachment":[{"href":"https:\/\/gromeautomobiler.dk\/index.php?rest_route=%2Fwp%2Fv2%2Fmedia&parent=737"}],"wp:term":[{"taxonomy":"product_brand","embeddable":true,"href":"https:\/\/gromeautomobiler.dk\/index.php?rest_route=%2Fwp%2Fv2%2Fproduct_brand&post=737"},{"taxonomy":"product_cat","embeddable":true,"href":"https:\/\/gromeautomobiler.dk\/index.php?rest_route=%2Fwp%2Fv2%2Fproduct_cat&post=737"},{"taxonomy":"product_tag","embeddable":true,"href":"https:\/\/gromeautomobiler.dk\/index.php?rest_route=%2Fwp%2Fv2%2Fproduct_tag&post=737"}],"curies":[{"name":"wp","href":"https:\/\/api.w.org\/{rel}","templated":true}]}}